ermine b(r).
-2
Suppose 0 = -0*j + j - 12. Let w be 9 + 4/(j/(-9)). Let i be ((-4)/w)/(2/(-3)). Let l(f) = -7*f. Determine l(i).
-7
Let i(z) = -5*z**2 - z - 3. Let v(d) = -2 + 6*d**2 - d**2 - 2*d**2 - 7*d**2 - d. Let o = -2 + 5. Let s(j) = o*i(j) - 4*v(j). Determine s(1).
1
Let h = 9 - 3. Suppose -h = -2*t + 2. Let r(u) = 5*u**2 + 3*u + 5. Let s(g) = -3*g**2 - 2*g - 3. Let y(x) = t*r(x) + 7*s(x). Give y(-1).
0
Let r(h) be the first derivative of h**4/4 + h**2/2 + 6*h - 56. Determine r(0).
6
Let j(z) be the second derivative of -z**5/20 - z**4/3 + z**3/2 - 2*z**2 + 12*z. What is j(-5)?
6
Let q(g) = -2*g + 1. Suppose 2*k = 2*c - 22, -c = -3*c - 5*k - 13. Determine q(c).
-11
Let q(f) = f**2 - 7*f + 6. Let w be q(6). Let l(g) = g**2 - g - 6. Calculate l(w).
-6
Let d(p) be the third derivative of 0*p + 0 + 1/120*p**6 + 1/12*p**5 + 3*p**2 + 5/24*p**4 - 1/6*p**3. What is d(-4)?
-5
Let z = 1 + 1. Let p(c) = -4*c**2 + 0*c + 1 - 4*c + 2*c + 3*c**2. Determine p(z).
-7
Let u(i) = 4. Let r(o) = o - 1. Let y(w) = -2*r(w) + u(w). Calculate y(5).
-4
Let a be (-4)/(-20) + 39/5. Let w(c) = a*c + 8*c - 15*c. Give w(3).
3
Suppose 5*c = t + 9, 4*t = -4*c + 2*c + 8. Let d(r) be the first derivative of 3*r**2 + 2. Give d(t).
6
Let k = 33 + -29. Let n(x) = x**3 - 5*x**2 + 4*x + 1. What is n(k)?
1
Let r(h) = h - 4. Let i be r(6). Let n(j) = -j**3 + j**2 - 3*j + 2. Give n(i).
-8
Let y be (0 + 0 + -1)*-1. Let d be -3 - (2 + y/(-1)). Let a(c) = c**2 + 5*c + 6. Calculate a(d).
2
Suppose -r = -74 + 75. Let z(b) be the second derivative of 0 + 1/4*b**4 - 1/6*b**3 - b + 0*b**2. Determine z(r).
4
Let v = 9 - -6. Suppose 4*f - 6 = 7*f + 3*z, -5*z - 16 = 2*f. Suppose -16 = 4*x - x - f*b, 0 = -3*b + v. Let u(g) = -g**3 - g**2 - 2*g - 1. Calculate u(x).
7
Suppose 4*u + 2*n = u - 2, 0 = 5*u - 3*n - 3. Let o(t) = -3*t**2 + 8. Let i(c) = -2*c**2 + 7. Let k(z) = -4*i(z) + 3*o(z). Give k(u).
-4
Suppose 18 = 5*g - 14*g. Let q(u) = -3*u**2 - 3*u - 3. What is q(g)?
-9
Let g be -3*15/(-9) - 3. Suppose f + p = 6*p - 11, g*p - 6 = 0. Let l(y) = y**2 - 4*y + 4. What is l(f)?
4
Let u(s) = 1 + s - 1. What is u(2)?
2
Let r(d) = -2*d**2 + 3*d - 2. Let m = 10 - 7. Suppose m*v - 6*v + 6 = 0. Let s be r(v). Let q(a) = a**2 + 6*a. Give q(s).
-8
Let i(b) = 6*b**2 + b + b**3 - 3*b**2 - 3 + 3*b - 9*b. Calculate i(-4).
1
Let g be 2*(-1)/(-2) - 1. Suppose -4*y + 29 = 3*j, j + g*j + 5*y = 28. Let q(v) = v**2 - 3*v - 4. What is q(j)?
-4
Let v = 18 + 0. Let k = -20 + v. Let l(f) = -2*f + 1. Determine l(k).
5
Let o(v) be the second derivative of -v**3 + v. Determine o(1).
-6
Let q(i) = -5*i - 1. Suppose 9*g + 10 = 4*g. Let p be 28/5 - g/5. Suppose -n - 2*n = p. What is q(n)?
9
Let m(s) be the first derivative of -s**6/360 + s**5/60 - 2*s**3/3 - 3. Let h(t) be the third derivative of m(t). Let k be h(2). Let y(c) = c + 1. Give y(k).
1
Let x(b) = 13*b - 33*b + 15*b. Give x(-2).
10
Let v(n) = 5*n + 3 - 3*n - 4 - 2*n**2 + n**2. What is v(3)?
-4
Let k(m) = -5*m**3 - 2*m**2 + m + 2. Let g(b) = 2*b + 8. Let l be g(-5). Let z(j) = -19*j**3 - 9*j**2 + 4*j + 9. Let h(u) = l*z(u) + 9*k(u). Give h(1).
-6
Let k(i) = i**2 - 2. Let r(m) = -3*m + m**3 + 2 + 9*m**2 - 9*m**2. Let t be r(2). Let h = t - 6. Give k(h).
2
Let x(r) = 6*r**2 + 1. Let k(i) = -i - 3 + 2 + 0*i. Suppose -5*c + 4*h = -3 + 11, -4*c = 2*h - 4. Let d be k(c). What is x(d)?
7
Let g(b) = -7*b**3 - 2*b**2 - 8. Let f(o) = 15*o**3 + 4*o**2 + 17. Let q(w) = 6*f(w) + 13*g(w). Determine q(-3).
7
Let g(u) be the second derivative of u**3/6 - 3*u**2/2 + u. Determine g(3).
0
Let o(y) be the first derivative of y**4/24 + y**3 - 4*y**2 + 7. Let w(j) be the second derivative of o(j). Calculate w(6).
12
Let i(g) be the first derivative of -g**4/2 - g - 1. Let y be (-3)/12 - (-51)/12. Suppose -y*x - 1 = 3. Calculate i(x).
1
Let d(r) be the first derivative of -1/4*r**4 + 3 + 2*r**3 - 5/2*r**2 + 5*r. Let s = -10 - -15. Give d(s).
5
Let v(w) = w**2 + 4*w + 5. Let q be v(-4). Let u(j) = -j**2 - 2*j + 2 - 5 + 2*j + 3*j. Calculate u(q).
-13
Let y(q) be the first derivative of -q**2/2 - 15*q - 22. Determine y(-7).
-8
Let x(d) = -4*d - 7. Let c(n) = -n. Let h(i) = 5*c(i) - x(i). Give h(4).
3
Let y(t) = 2*t**3 + 4*t**2 + 8*t + 5. Let v(b) = 2*b**3 + 5*b**2 + 9*b + 6. Let z(q) = 6*v(q) - 7*y(q). Calculate z(1).
-1
Let z(v) = v**2 - 3*v - 7. Suppose -7 + 55 = 3*a. Let p = a + -11. Give z(p).
3
Let i(l) be the second derivative of 5*l**2 - 6*l + 1/20*l**5 + 0*l**4 + 0 + 0*l**3. Give i(0).
10
Let l(q) = q**3 - q**2 - q + 4. Let t be l(0). Let g(a) = 8*a + 1. Let c(f) = -15*f - 2. Let d(o) = t*c(o) + 7*g(o). Let h = -1 - 0. Give d(h).
3
Let g(l) = -l**2 - 2*l + 1. Let h(p) = -p**2 - 2*p + 1. Let k(u) = -5*g(u) + 6*h(u). Let v(c) = 9*c**2 + c. Let f be v(-1). Let t = f - 7. Determine k(t).
-2
Let x(s) be the third derivative of -s**6/120 - s**5/15 + s**4/6 + 2*s**3/3 + 7*s**2. Give x(-5).
9
Let f(d) be the third derivative of -d**6/120 - 7*d**5/60 + 5*d**4/12 + 5*d**3/3 - 9*d**2. Calculate f(-8).
-6
Let b(d) = 7*d**2 - 2*d + 1. Let c = -35 + 36. What is b(c)?
6
Let r(n) = 8*n + 4. Let w(y) = -9*y - 3. Let v(f) = -2*r(f) - 3*w(f). Let g be -1 + 3 + -1 - 0. What is v(g)?
12
Let d be (3/60*-4)/((-2)/10). Let o(l) = 6*l + 2 - 3 + 1 + 1. Calculate o(d).
7
Let d = -1 + 6. Let x(z) = -z + d - 8*z + 2*z + 8*z. Calculate x(-4).
1
Let u(i) = -i**3 + i - 5. Let b be 2/(-6) - 2*2/(-12). Give u(b).
-5
Let t(i) = 2*i**3 + 4*i**2 + 2*i - 1. Let s be -9*1*1/(-3). Let x = -1 - -5. Suppose -c + 1 = -l - 4, -s*c = -x*l - 17. Give t(l).
-5
Suppose 0 = 2*a - 3*a. Let z(g) = -g - 11. Calculate z(a).
-11
Let k(o) = 3*o - 6 + 3*o**2 - o**3 - 2*o + 3*o + 2*o. Let c be k(4). Suppose -2 + 4 = -c*v. Let d(b) = -b**2 - 3*b - 1. Calculate d(v).
1
Let b(l) = 4*l**2 - l + 3. Let s(u) = 3*u**2 - u + 4. Let x(k) = -5*b(k) + 4*s(k). What is x(-1)?
-8
Let c(i) be the third derivative of i**4/12 - i**3/3 - 2*i**2. What is c(4)?
6
Let g(c) = 2*c**2 + c - 1. Suppose l - 3*y - 2*y + 25 = 0, 0 = -5*y + 20. Let s(z) = 3*z**2 + 3*z - 3. Let h(j) = l*g(j) + 3*s(j). What is h(4)?
-4
Let v(s) = -7*s + 8. Let h(o) = -24*o + 35. Let w(r) = 16*r - 23. Let a(i) = -5*h(i) - 8*w(i). Let y(l) = 6*a(l) - 7*v(l). Calculate y(-3).
-5
Let c(a) = a**2 - 8*a - 5. Let z be c(7). Let d be ((-3)/(-4))/((-3)/z). Suppose 0 = 5*t + d - 18. Let i(r) = -2*r - 3. What is i(t)?
-9
Let a(k) = 3*k**2 - 5*k + 4. Let l be (-2)/(-3) + (-28)/(-12). What is a(l)?
16
Suppose -4*w = 3*x - 16, 2*x - 5*w = -13 - 7. Let a(p) = 7 - 1 + p**2 + x*p**2 + 6*p + 0*p**2. What is a(-5)?
1
Let n(v) = v**3 + 2*v**2 - 2*v + 1. Suppose 0 = 3*s - 4*s - 2. What is n(s)?
5
Let k(t) = 2*t - 1. Suppose 9*p - 4*p = -25. Calculate k(p).
-11
Let n be (27/(-6))/((36/(-16))/3). Let u(o) = -o**3 + 7*o**2 - 8*o - 1. Determine u(n).
-13
Suppose -2*l + 2 = -2*w, -l - 4*w = 4*l + 4. Let z be (-2)/1 + (-1 - -5). Let f(a) = -a + 1. Let i(q) = -q + 1. Let v(g) = z*i(g) - 3*f(g). Determine v(l).
-1
Let y(n) = 21 - 38 + 18 - 6*n. What is y(4)?
-23
Suppose 0 = -4*x + 5*p + 6, -4*x = -2*p - 19 + 7. Let r(u) = u**2 - 5*u - 2. Determine r(x).
-6
Let h(k) be the first derivative of -k**6/360 + k**5/24 - k**4/8 - 2*k**3/3 + 2. Let w(a) be the third derivative of h(a). What is w(2)?
3
Let d(k) = -k**3 - 7*k**2 + 7*k - 8. Let p be d(-8). Let c(m) = -m**2 - m - 4. Calculate c(p).
-4
Let s(p) = p**2 + 2*p + 1. Suppose 3*q + 0*q + 25 = -4*u, -2 = 2*q - u. Determine s(q).
4
Let r(n) be the first derivative of n**4/4 - 2*n**3/3 - n**2 + n - 4. Determine r(3).
4
Let n(i) = -6*i + 2. Let s(r) = 5*r - 2. Let b(w) = -4*n(w) - 5*s(w). Calculate b(-4).
6
Let z(w) = 3*w - w + 7 - w**2 + 2*w. Let k(p) = 2*p**2 - 3. Let o be k(-2). Give z(o).
2
Let x(s) = s**3 - 9*s**2 + 9*s - 6. Let j be x(8). Suppose -5 = -o + j*o. Let z(l) = -l**2 - 5*l - 2. Calculate z(o).
-2
Let v(c) be the first derivative of -13*c**3/3 - c**2/2 - 3. Calculate v(1).
-14
Let g(l) be the first derivative of l**7/840 - l**6/60 + l**5/20 - l**4/6 - l**3 + 2. Let d(h) be the third derivative of g(h). Give d(5).
1
Let p(b) = -4*b + 3. Let d(s) = -s + 1. Let l(w) = -17*d(w) + 6*p(w). Let q(k) = k**3 - k**2 + 1. Let o be q(0). Calculate l(o).
-6
Let m be 32/12 + (-2)/3. Let x = 24 - 9. Suppose -m*v = v - x. Let l(d) = d**3 - 5*d**2 - d. Determine l